{"id":29,"date":"2017-06-29T22:41:33","date_gmt":"2017-06-29T20:41:33","guid":{"rendered":"http:\/\/ejhorte.de\/cms\/?page_id=29"},"modified":"2017-07-09T20:37:26","modified_gmt":"2017-07-09T18:37:26","slug":"allenspacher-hof","status":"publish","type":"page","link":"https:\/\/ejhorte.de\/cms\/allenspacher-hof\/","title":{"rendered":"Allenspacher Hof"},"content":{"rendered":"<div class=\"item-page\">\n<h1>Der Allenspacher Hof<\/h1>\n<p>Der Allenspacher Hof nord\u00f6stlich von Tuttlingen, bei B\u00f6ttingen auf dem Vorderen Heuberg.<\/p>\n<p>Im Sp\u00e4therbst 1962 von einer Fahrtengruppe entdeckt und seit 1966 bis heute durch zahllose Baumannschaften an Wochenend- und Sommer- Baulagern um- und ausgebaut, ist inzwischen f\u00fcr viele von uns mehr als nur das \u00e4u\u00dfere Zentrum des Bundes.<\/p>\n<p><img loading=\"lazy\" decoding=\"async\" class=\"alignnone size-full wp-image-203\" src=\"http:\/\/ejhorte.de\/cms\/wp-content\/uploads\/2017\/06\/hof1.jpg\" alt=\"\" width=\"298\" height=\"225\" \/><\/p>\n<p><img loading=\"lazy\" decoding=\"async\" class=\"size-medium wp-image-204\" src=\"http:\/\/ejhorte.de\/cms\/wp-content\/uploads\/2017\/06\/hof3-300x225.jpg\" alt=\"\" width=\"300\" height=\"225\" \/><\/p>\n<\/div>\n","protected":false},"excerpt":{"rendered":"<p>Der Allenspacher Hof Der Allenspacher Hof nord\u00f6stlich von Tuttlingen, bei B\u00f6ttingen auf dem Vorderen Heuberg. Im Sp\u00e4therbst 1962 von einer Fahrtengruppe entdeckt und seit 1966 bis heute durch zahllose Baumannschaften an Wochenend- und Sommer- Baulagern um- und ausgebaut, ist inzwischen f\u00fcr viele von uns mehr als nur das \u00e4u\u00dfere Zentrum des Bundes.<\/p>\n","protected":false},"author":2,"featured_media":0,"parent":0,"menu_order":0,"comment_status":"closed","ping_status":"closed","template":"","meta":{"footnotes":""},"class_list":["post-29","page","type-page","status-publish","hentry"],"_links":{"self":[{"href":"https:\/\/ejhorte.de\/cms\/wp-json\/wp\/v2\/pages\/29","targetHints":{"allow":["GET"]}}],"collection":[{"href":"https:\/\/ejhorte.de\/cms\/wp-json\/wp\/v2\/pages"}],"about":[{"href":"https:\/\/ejhorte.de\/cms\/wp-json\/wp\/v2\/types\/page"}],"author":[{"embeddable":true,"href":"https:\/\/ejhorte.de\/cms\/wp-json\/wp\/v2\/users\/2"}],"replies":[{"embeddable":true,"href":"https:\/\/ejhorte.de\/cms\/wp-json\/wp\/v2\/comments?post=29"}],"version-history":[{"count":3,"href":"https:\/\/ejhorte.de\/cms\/wp-json\/wp\/v2\/pages\/29\/revisions"}],"predecessor-version":[{"id":205,"href":"https:\/\/ejhorte.de\/cms\/wp-json\/wp\/v2\/pages\/29\/revisions\/205"}],"wp:attachment":[{"href":"https:\/\/ejhorte.de\/cms\/wp-json\/wp\/v2\/media?parent=29"}],"curies":[{"name":"wp","href":"https:\/\/api.w.org\/{rel}","templated":true}]}}

<div class="item-page">
<h1>Der Allenspacher Hof</h1>
<p>Der Allenspacher Hof nordöstlich von Tuttlingen, bei Böttingen auf dem Vorderen Heuberg.</p>
<p>Im Spätherbst 1962 von einer Fahrtengruppe entdeckt und seit 1966 bis heute durch zahllose Baumannschaften an Wochenend- und Sommer- Baulagern um- und ausgebaut, ist inzwischen für viele von uns mehr als nur das äußere Zentrum des Bundes.</p>
<p><img loading="lazy" decoding="async" class="alignnone size-full wp-image-203" src="http://ejhorte.de/cms/wp-content/uploads/2017/06/hof1.jpg" alt="" width="298" height="225" /></p>
<p><img loading="lazy" decoding="async" class="size-medium wp-image-204" src="http://ejhorte.de/cms/wp-content/uploads/2017/06/hof3-300x225.jpg" alt="" width="300" height="225" /></p>
</div>

<p>Der Allenspacher Hof Der Allenspacher Hof nordöstlich von Tuttlingen, bei Böttingen auf dem Vorderen Heuberg. Im Spätherbst 1962 von einer Fahrtengruppe entdeckt und seit 1966 bis heute durch zahllose Baumannschaften an Wochenend- und Sommer- Baulagern um- und ausgebaut, ist inzwischen für viele von uns mehr als nur das äußere Zentrum des Bundes.</p>
