{"id":15,"date":"2017-06-29T22:09:54","date_gmt":"2017-06-29T20:09:54","guid":{"rendered":"http:\/\/ejhorte.de\/cms\/?page_id=15"},"modified":"2017-06-30T21:33:24","modified_gmt":"2017-06-30T19:33:24","slug":"bund","status":"publish","type":"page","link":"https:\/\/ejhorte.de\/cms\/bund\/","title":{"rendered":"Wir \u00fcber uns"},"content":{"rendered":"<h1>Wir \u00fcber uns<\/h1>\n<p>&#8222;B\u00fcndisches Leben und christliches Handeln sind vereint, davon ausgehend, dass beide Lebensformen sich nicht nur gut zusammenf\u00fcgen, sondern auch und gerade heute wesentliche anthropologische Funktionen f\u00fcr das Menschsein erf\u00fcllen k\u00f6nnen&#8220;.<\/p>\n<p>Wir sind die Evangelische Jungenschaft HORTE (EJH). Einst entstanden aus dem \u00a0Evangelischen Jungm\u00e4nnerwerk in W\u00fcrttemberg. Aus dieser Entstehung heraus sind wir und unsere Traditionen evangelisch gepr\u00e4gt. Dennoch sind unsere Mitglieder konfessionell ungebunden und wir hei\u00dfen jeden willkommen. Wir verstehen uns als Teil der B\u00fcndischen Jugend, also in der Tradition der deutschen Jugendbewegung stehend (Wandervogel, Pfadfinder, Jungenschaft). Unsere Mitglieder sind \u00fcber ganz Baden-W\u00fcrttemberg und dar\u00fcber hinaus verteilt, der Gro\u00dfteil von ihnen ist aber im schw\u00e4bischen Raum anzutreffen. Als eigenst\u00e4ndigen Bund gibt es uns schon lange &#8211; 2010 feierten wir unser 50-j\u00e4hriges Bestehen. Selbstverst\u00e4ndlich geh\u00f6ren die alten Freunde aus der Gr\u00fcnderzeit ebenso zu unserem Jugend- und Lebensbund wie auch die jungen Mitglieder.<\/p>\n","protected":false},"excerpt":{"rendered":"<p>Wir \u00fcber uns &#8222;B\u00fcndisches Leben und christliches Handeln sind vereint, davon ausgehend, dass beide Lebensformen sich nicht nur gut zusammenf\u00fcgen, sondern auch und gerade heute wesentliche anthropologische Funktionen f\u00fcr das Menschsein erf\u00fcllen k\u00f6nnen&#8220;. Wir sind die Evangelische Jungenschaft HORTE (EJH). Einst entstanden aus dem \u00a0Evangelischen Jungm\u00e4nnerwerk in W\u00fcrttemberg. Aus dieser Entstehung heraus sind wir und &hellip; <\/p>\n<p class=\"link-more\"><a href=\"https:\/\/ejhorte.de\/cms\/bund\/\" class=\"more-link\"><span class=\"screen-reader-text\">\u201eWir \u00fcber uns\u201c <\/span>weiterlesen<\/a><\/p>\n","protected":false},"author":2,"featured_media":0,"parent":0,"menu_order":0,"comment_status":"closed","ping_status":"closed","template":"","meta":{"footnotes":""},"class_list":["post-15","page","type-page","status-publish","hentry"],"_links":{"self":[{"href":"https:\/\/ejhorte.de\/cms\/wp-json\/wp\/v2\/pages\/15","targetHints":{"allow":["GET"]}}],"collection":[{"href":"https:\/\/ejhorte.de\/cms\/wp-json\/wp\/v2\/pages"}],"about":[{"href":"https:\/\/ejhorte.de\/cms\/wp-json\/wp\/v2\/types\/page"}],"author":[{"embeddable":true,"href":"https:\/\/ejhorte.de\/cms\/wp-json\/wp\/v2\/users\/2"}],"replies":[{"embeddable":true,"href":"https:\/\/ejhorte.de\/cms\/wp-json\/wp\/v2\/comments?post=15"}],"version-history":[{"count":3,"href":"https:\/\/ejhorte.de\/cms\/wp-json\/wp\/v2\/pages\/15\/revisions"}],"predecessor-version":[{"id":68,"href":"https:\/\/ejhorte.de\/cms\/wp-json\/wp\/v2\/pages\/15\/revisions\/68"}],"wp:attachment":[{"href":"https:\/\/ejhorte.de\/cms\/wp-json\/wp\/v2\/media?parent=15"}],"curies":[{"name":"wp","href":"https:\/\/api.w.org\/{rel}","templated":true}]}}